{"id":17989,"date":"2022-06-09T09:06:41","date_gmt":"2022-06-09T07:06:41","guid":{"rendered":"https:\/\/moethennessy-partners.pl\/?post_type=product&#038;p=17989"},"modified":"2026-03-20T13:51:16","modified_gmt":"2026-03-20T12:51:16","slug":"moet-chandon-imperial","status":"publish","type":"product","link":"https:\/\/moethennessy-partners.pl\/index.php\/product\/moet-chandon-imperial\/","title":{"rendered":"MO\u00cbT &#038; CHANDON IMPERIAL"},"content":{"rendered":"<div class=\"row\">\n<div class=\"small-12 large-6 end columns\">\n<div class=\"product-description mb30\">\n<div class=\"row\">\n<div class=\"small-12 large-6 end columns\">\n<div class=\"product-description mb30\"><\/div>\n<\/div>\n<\/div>\n<div class=\"row\">Szampan\u00a0Moet &amp; Chandon Brut Imperial\u00a0powstaje w po\u0142o\u017conej na p\u00f3\u0142nocny wsch\u00f3d od Pary\u017ca\u00a0Szampanii. Sk\u0142ada si\u0119 ze 100 r\u00f3\u017cnych win, z czego 20 \u2013 30% tych win to wina starsze, nadaj\u0105ce dojrza\u0142o\u015bci szampanowi.\u00a0Moet &amp; Chandon Brut Imperial\u00a0robiony jest z 3 odmian winogron \u2013\u00a0Pinot Noir,\u00a0Pinot Meunier\u00a0oraz\u00a0Chardonnay.\u00a0Ta wersja produktu\u00a0oferowana jest w\u00a0eleganckim kartoniku z logiem marki.<\/div>\n<\/div>\n<\/div>\n<\/div>\n<div><\/div>\n<div>Zawartos\u0107 alkoholu: 12%<\/div>\n","protected":false},"excerpt":{"rendered":"<p>Szampan\u00a0Moet &amp; Chandon Brut Imperial\u00a0powstaje w po\u0142o\u017conej na p\u00f3\u0142nocny wsch\u00f3d od Pary\u017ca\u00a0Szampanii. Sk\u0142ada si\u0119 ze 100 r\u00f3\u017cnych win, z czego 20 \u2013 30% tych win to wina starsze, nadaj\u0105ce dojrza\u0142o\u015bci szampanowi.\u00a0Moet &amp; Chandon Brut Imperial\u00a0robiony jest z 3 odmian winogron \u2013\u00a0Pinot Noir,\u00a0Pinot Meunier\u00a0oraz\u00a0Chardonnay.\u00a0Ta wersja produktu\u00a0oferowana jest w\u00a0eleganckim kartoniku z logiem marki. Zawartos\u0107 alkoholu: 12%<\/p>\n","protected":false},"featured_media":18008,"template":"","meta":[],"product_brand":[63],"product_cat":[152],"product_tag":[],"class_list":{"0":"post-17989","1":"product","2":"type-product","3":"status-publish","4":"has-post-thumbnail","6":"product_brand-moet","7":"product_cat-szampan","10":"first","11":"instock","12":"taxable","13":"shipping-taxable","14":"purchasable","15":"product-type-variable"},"jetpack_sharing_enabled":true,"_links":{"self":[{"href":"https:\/\/moethennessy-partners.pl\/index.php\/wp-json\/wp\/v2\/product\/17989","targetHints":{"allow":["GET"]}}],"collection":[{"href":"https:\/\/moethennessy-partners.pl\/index.php\/wp-json\/wp\/v2\/product"}],"about":[{"href":"https:\/\/moethennessy-partners.pl\/index.php\/wp-json\/wp\/v2\/types\/product"}],"version-history":[{"count":4,"href":"https:\/\/moethennessy-partners.pl\/index.php\/wp-json\/wp\/v2\/product\/17989\/revisions"}],"predecessor-version":[{"id":18932,"href":"https:\/\/moethennessy-partners.pl\/index.php\/wp-json\/wp\/v2\/product\/17989\/revisions\/18932"}],"wp:featuredmedia":[{"embeddable":true,"href":"https:\/\/moethennessy-partners.pl\/index.php\/wp-json\/wp\/v2\/media\/18008"}],"wp:attachment":[{"href":"https:\/\/moethennessy-partners.pl\/index.php\/wp-json\/wp\/v2\/media?parent=17989"}],"wp:term":[{"taxonomy":"product_brand","embeddable":true,"href":"https:\/\/moethennessy-partners.pl\/index.php\/wp-json\/wp\/v2\/product_brand?post=17989"},{"taxonomy":"product_cat","embeddable":true,"href":"https:\/\/moethennessy-partners.pl\/index.php\/wp-json\/wp\/v2\/product_cat?post=17989"},{"taxonomy":"product_tag","embeddable":true,"href":"https:\/\/moethennessy-partners.pl\/index.php\/wp-json\/wp\/v2\/product_tag?post=17989"}],"curies":[{"name":"wp","href":"https:\/\/api.w.org\/{rel}","templated":true}]}}