{"id":18114,"date":"2022-06-09T15:30:38","date_gmt":"2022-06-09T13:30:38","guid":{"rendered":"https:\/\/moethennessy-partners.pl\/?post_type=product&#038;p=18114"},"modified":"2026-03-20T13:46:43","modified_gmt":"2026-03-20T12:46:43","slug":"dom-perignon-blanc-2010-kart-075l","status":"publish","type":"product","link":"https:\/\/moethennessy-partners.pl\/index.php\/product\/dom-perignon-blanc-2010-kart-075l\/","title":{"rendered":"DOM P\u00c9RIGNON BLANC 2015 KART- 0,75L"},"content":{"rendered":"<p>Dom Perignon jest szampanem typu vintage, oznacza to, \u017ce wszystkie winogrona u\u017cyte przy jego produkcji pochodz\u0105 tylko z jednego rocznika, za\u015b w przypadku gorszych rocznik\u00f3w nie jest on w og\u00f3le produkowany. Ten ekskluzywny szampan jest niekwestionowanym liderem w kategorii Prestige Cuvee. O wyj\u0105tkowo\u015bci tego szampana \u015bwiadczy r\u00f3wnie\u017c fakt, i\u017c nazwano go na cze\u015b\u0107 don Pierre\u2019a Perignona, mnicha kt\u00f3ry znalaz\u0142 spos\u00f3b na zamkni\u0119cie gazu w butelce tworz\u0105c w ten spos\u00f3b pierwsze wino musuj\u0105ce. Dom Perignon jest niezwykle lekki, finezyjny, przepe\u0142nia go harmonia smak\u00f3w i aromat\u00f3w. Idaelnie dobrane proporcje szczep\u00f3w Pinot Noir oraz Chardonnay, sprawiaj\u0105, \u017ce szampan ten jest jednocze\u015bnie \u015bwie\u017cy z kr\u0105g\u0142\u0105 nut\u0105 dojrza\u0142o\u015bci oraz jedwabist\u0105 struktur\u0105. W aromacie na pierwszy plan wysuwaj\u0105 si\u0119 migda\u0142y, grejpfrut oraz suszone owoce, nast\u0119pnie wyczuwalne s\u0105 orzechy nerkowca ze szczypt\u0105 aromatycznych przypraw. W ustach d\u0142ugo pozostaje wyj\u0105tkowy smak orzech\u00f3w laskowych z posmakiem tosta.<\/p>\n","protected":false},"excerpt":{"rendered":"<p>Dom Perignon jest szampanem typu vintage, oznacza to, \u017ce wszystkie winogrona u\u017cyte przy jego produkcji pochodz\u0105 tylko z jednego rocznika, za\u015b w przypadku gorszych rocznik\u00f3w nie jest on w og\u00f3le produkowany. Ten ekskluzywny szampan jest niekwestionowanym liderem w kategorii Prestige Cuvee. O wyj\u0105tkowo\u015bci tego szampana \u015bwiadczy r\u00f3wnie\u017c fakt, i\u017c nazwano go na cze\u015b\u0107 don Pierre\u2019a [&hellip;]<\/p>\n","protected":false},"featured_media":18109,"template":"","meta":[],"product_brand":[67],"product_cat":[152],"product_tag":[],"class_list":{"0":"post-18114","1":"product","2":"type-product","3":"status-publish","4":"has-post-thumbnail","6":"product_brand-dom","7":"product_cat-szampan","10":"first","11":"instock","12":"taxable","13":"shipping-taxable","14":"purchasable","15":"product-type-simple"},"jetpack_sharing_enabled":true,"_links":{"self":[{"href":"https:\/\/moethennessy-partners.pl\/index.php\/wp-json\/wp\/v2\/product\/18114","targetHints":{"allow":["GET"]}}],"collection":[{"href":"https:\/\/moethennessy-partners.pl\/index.php\/wp-json\/wp\/v2\/product"}],"about":[{"href":"https:\/\/moethennessy-partners.pl\/index.php\/wp-json\/wp\/v2\/types\/product"}],"version-history":[{"count":3,"href":"https:\/\/moethennessy-partners.pl\/index.php\/wp-json\/wp\/v2\/product\/18114\/revisions"}],"predecessor-version":[{"id":19849,"href":"https:\/\/moethennessy-partners.pl\/index.php\/wp-json\/wp\/v2\/product\/18114\/revisions\/19849"}],"wp:featuredmedia":[{"embeddable":true,"href":"https:\/\/moethennessy-partners.pl\/index.php\/wp-json\/wp\/v2\/media\/18109"}],"wp:attachment":[{"href":"https:\/\/moethennessy-partners.pl\/index.php\/wp-json\/wp\/v2\/media?parent=18114"}],"wp:term":[{"taxonomy":"product_brand","embeddable":true,"href":"https:\/\/moethennessy-partners.pl\/index.php\/wp-json\/wp\/v2\/product_brand?post=18114"},{"taxonomy":"product_cat","embeddable":true,"href":"https:\/\/moethennessy-partners.pl\/index.php\/wp-json\/wp\/v2\/product_cat?post=18114"},{"taxonomy":"product_tag","embeddable":true,"href":"https:\/\/moethennessy-partners.pl\/index.php\/wp-json\/wp\/v2\/product_tag?post=18114"}],"curies":[{"name":"wp","href":"https:\/\/api.w.org\/{rel}","templated":true}]}}