{"id":18126,"date":"2022-06-09T15:38:19","date_gmt":"2022-06-09T13:38:19","guid":{"rendered":"https:\/\/moethennessy-partners.pl\/?post_type=product&#038;p=18126"},"modified":"2026-03-20T13:53:11","modified_gmt":"2026-03-20T12:53:11","slug":"veuve-clicquot-brut-075l","status":"publish","type":"product","link":"https:\/\/moethennessy-partners.pl\/index.php\/product\/veuve-clicquot-brut-075l\/","title":{"rendered":"VEUVE CLICQUOT BRUT \u2013 0,75L"},"content":{"rendered":"<p>Veuve Vlicquot jest jedn\u0105 z\u00a0najpopularniejszych pozycji na polskim rynku. Przyst\u0119pna cena, proste a\u00a0zarazem eleganckie opakowanie sprawia, \u017ce jest to produkt po kt\u00f3ry bardzo cz\u0119sto si\u0119gaj\u0105 klienci szukaj\u0105cy prezentu np. na \u015blub. Ponadto doskona\u0142e po\u0142\u0105cznie trzech szczep\u00f3w winogron pozwoli\u0142o na uzyskanie subtelnie wytrawnego szampana, kt\u00f3ry przypadnie do gustu przede wszystkim kobietom szukaj\u0105cym odrobiny elegancji i\u00a0luksusu.<\/p>\n","protected":false},"excerpt":{"rendered":"<p>Veuve Vlicquot jest jedn\u0105 z\u00a0najpopularniejszych pozycji na polskim rynku. Przyst\u0119pna cena, proste a\u00a0zarazem eleganckie opakowanie sprawia, \u017ce jest to produkt po kt\u00f3ry bardzo cz\u0119sto si\u0119gaj\u0105 klienci szukaj\u0105cy prezentu np. na \u015blub. Ponadto doskona\u0142e po\u0142\u0105cznie trzech szczep\u00f3w winogron pozwoli\u0142o na uzyskanie subtelnie wytrawnego szampana, kt\u00f3ry przypadnie do gustu przede wszystkim kobietom szukaj\u0105cym odrobiny elegancji i\u00a0luksusu.<\/p>\n","protected":false},"featured_media":19647,"template":"","meta":[],"product_brand":[64],"product_cat":[152],"product_tag":[],"class_list":{"0":"post-18126","1":"product","2":"type-product","3":"status-publish","4":"has-post-thumbnail","6":"product_brand-veuve","7":"product_cat-szampan","10":"first","11":"instock","12":"taxable","13":"shipping-taxable","14":"purchasable","15":"product-type-variable","16":"has-default-attributes"},"jetpack_sharing_enabled":true,"_links":{"self":[{"href":"https:\/\/moethennessy-partners.pl\/index.php\/wp-json\/wp\/v2\/product\/18126","targetHints":{"allow":["GET"]}}],"collection":[{"href":"https:\/\/moethennessy-partners.pl\/index.php\/wp-json\/wp\/v2\/product"}],"about":[{"href":"https:\/\/moethennessy-partners.pl\/index.php\/wp-json\/wp\/v2\/types\/product"}],"version-history":[{"count":1,"href":"https:\/\/moethennessy-partners.pl\/index.php\/wp-json\/wp\/v2\/product\/18126\/revisions"}],"predecessor-version":[{"id":18135,"href":"https:\/\/moethennessy-partners.pl\/index.php\/wp-json\/wp\/v2\/product\/18126\/revisions\/18135"}],"wp:featuredmedia":[{"embeddable":true,"href":"https:\/\/moethennessy-partners.pl\/index.php\/wp-json\/wp\/v2\/media\/19647"}],"wp:attachment":[{"href":"https:\/\/moethennessy-partners.pl\/index.php\/wp-json\/wp\/v2\/media?parent=18126"}],"wp:term":[{"taxonomy":"product_brand","embeddable":true,"href":"https:\/\/moethennessy-partners.pl\/index.php\/wp-json\/wp\/v2\/product_brand?post=18126"},{"taxonomy":"product_cat","embeddable":true,"href":"https:\/\/moethennessy-partners.pl\/index.php\/wp-json\/wp\/v2\/product_cat?post=18126"},{"taxonomy":"product_tag","embeddable":true,"href":"https:\/\/moethennessy-partners.pl\/index.php\/wp-json\/wp\/v2\/product_tag?post=18126"}],"curies":[{"name":"wp","href":"https:\/\/api.w.org\/{rel}","templated":true}]}}